15*j**2. What are the prime factors of m(5)?
2, 7
Let m(b) = 2*b**2 - 5*b - 4. Let a be m(4). Suppose 0 = -3*t + 2*t + a. What are the prime factors of t?
2
Let r(a) = -a**3 + a**2 + 2*a - 7. Let k be r(4). Let i = k - -83. List the prime factors of i.
2, 3
Let h = 2913 + -1565. List the prime factors of h.
2, 337
Let i(b) = -16*b**3 + 5*b + 1. List the prime factors of i(-2).
7, 17
List the prime factors of (-2)/(-15) - 1422392/(-435).
2, 3, 5, 109
Let o = -17 - -25. Let k(t) be the first derivative of -t**4/4 + 3*t**3 - 2*t**2 - 8*t - 5. List the prime factors of k(o).
2, 3
Let y = 300 + 294. List the prime factors of y.
2, 3, 11
What are the prime factors of -4*1*1*(-164 + 76)?
2, 11
Suppose 2*o - i + 6 = 5*o, i = 5*o - 18. Suppose -2*f + 159 = f + o*n, 2*f + 4*n - 106 = 0. What are the prime factors of f?
53
Suppose -3*d + 470 = -2*d + 4*j, -2260 = -5*d - 2*j. Let b = d + -265. What are the prime factors of b?
5, 37
Let r be (22 - 2) + 0 + 2 + -6. Suppose -z = -5*z - r, 3*v + z = 479. What are the prime factors of v?
7, 23
Let s(x) = -x**2 - 11*x + 17. Let w be s(-12). Suppose -2*l + 637 = w*l. List the prime factors of l.
7, 13
Suppose 0 = -x + 1559 - 977. What are the prime factors of x?
2, 3, 97
Let x(w) = -5*w. Let n be x(-1). Suppose -m - 140 = -n*m. List the prime factors of m.
5, 7
Suppose w + 6*w = 14. What are the prime factors of (-3)/(-4)*(98 - w)?
2, 3
Suppose 3*d - 5 = -4*w, 4*w = -3*d + 2*w + 7. Suppose b - 4 = 0, -d*b - 132 = -0*q - 2*q. What are the prime factors of q?
2, 3
Suppose 5*r - 875 = -5*l, -r = 3*l - 165 - 352. What are the prime factors of l?
3, 19
Let y be (-560)/(-90) + (-2)/9. Suppose -y*i + 5*i = -9. Suppose -39 = -2*f + i. List the prime factors of f.
2, 3
Let c(q) = -3 + 0 + 7*q - 2 + 1. List the prime factors of c(6).
2, 19
Let f = -43 + 24. Let w = 61 - 34. Let g = f + w. List the prime factors of g.
2
What are the prime factors of -5 - 164/(-32) - (-2479)/8?
2, 5, 31
Let o(l) = -l**2 + 3*l + 8. Suppose 0 = 5*x - 1 + 41. Let k be o(x). Let p = 137 + k. What are the prime factors of p?
3, 19
Let l(u) = -u**2 - 9*u - 1. Let q be l(-9). Let w be 4/((6/(-39))/q). Suppose 9 = k - w. List the prime factors of k.
5, 7
Let g(l) = -2*l**3 - 11*l**2 + 25*l + 32. What are the prime factors of g(-12)?
2, 401
Suppose 2*b + 15342 = 6*b - 2*r, 8*r + 19172 = 5*b. List the prime factors of b.
2, 7, 137
Suppose 1066 + 2074 = 10*m. What are the prime factors of (8/(-20) - m/(-10))*1?
31
Let u(d) = 13*d - 2. Let l be u(1). Suppose -20 = -16*c + l*c. Suppose c*x + x - 360 = 0. List the prime factors of x.
2, 3
List the prime factors of (-6 + 0)*24534/(-27).
2, 29, 47
Let x(h) = 111*h - 76. What are the prime factors of x(6)?
2, 5, 59
Suppose 4*g - c - 146 = 0, -5*g = -6*c + c - 190. Let d = -31 + g. What are the prime factors of 2/4*(21 + d)?
13
Let r(m) = 5*m - 13. Let k be r(4). What are the prime factors of (1 - 13)*k/(-4)?
3, 7
Suppose k - 4*y - 164 = 0, -2*k + y = 115 - 422. Suppose b = 2*f - 94, b = -3*f - 3*b + k. List the prime factors of f.
2, 3
Let h = -3 - -8. Suppose 3*r = 4*s + 47, 5*r - 86 = h*s - 16. Suppose -3*n = -4*y + 59, n = y - r - 5. What are the prime factors of y?
17
Let h(v) = -2*v**3 + 38*v**2 - 53*v + 17. What are the prime factors of h(16)?
3, 5, 47
Let c = -26 - -33. Suppose 120 = -c*a + 13*a. List the prime factors of a.
2, 5
Let a be (24 - 7)/((-1)/2). List the prime factors of 4622/17 + 1*(-4)/a.
2, 17
Let x = 107 - 114. Let k = 125 + x. List the prime factors of k.
2, 59
Suppose -3*f + 0*a - a + 57 = 0, -3*f = -4*a - 57. Let b be 1 + (0 - (1 - 2)). Suppose -b*w + f + 69 = 0. List the prime factors of w.
2, 11
Let z(b) = -b**3 + 8*b**2 + 9*b - 21. Let m be z(6). Suppose -11*o = -10*o - m. List the prime factors of o.
3, 5, 7
Suppose 4*d + d - 13 = -v, 0 = -5*d - 3*v + 19. Suppose 13 = q - 5*n - 0, -5*n - 26 = -d*q. What are the prime factors of q?
13
Let o(i) = -5*i**2 - 9*i + 1. Let l(v) = -5*v**2 + 13*v + 1 - 15*v - 6*v. Let d(f) = -6*l(f) + 5*o(f). What are the prime factors of d(3)?
53
Suppose 0 = 5*n - 3*t - 647, 3*n - 2*n - 5*t - 125 = 0. Suppose 0*y + 2*s = -2*y + n, -5*s = -4*y + 260. What are the prime factors of y?
5, 13
Let u(l) = -17*l - 185. What are the prime factors of u(-14)?
53
Let r(j) = 7*j + 29. Let v be r(-3). List the prime factors of (-6 + v)/(130/(-66) - -2).
2, 3, 11
Suppose -5*v + 32 + 32 = z, -4*z + v + 277 = 0. Let r = 116 - z. Suppose 3*p - 40 = r. List the prime factors of p.
29
Let y(j) be the third derivative of -1/120*j**6 + 0*j + 13*j**2 + 2*j**3 - 1/20*j**5 + 0*j**4 + 0. What are the prime factors of y(-5)?
2, 31
Let x be (-54)/(-14) - (-2)/14. Let p(z) = z - 7. Let k be p(x). List the prime factors of (-4 - k)/(2/(-8)).
2
Let g = -2356 + 3847. List the prime factors of g.
3, 7, 71
Suppose 137*l = 129*l + 17728. List the prime factors of l.
2, 277
Suppose -19776 = 5*f + s, -5*s + 11 = -9. What are the prime factors of (-2)/7 - f/28?
3, 47
Let l(t) = -1689*t - 221. What are the prime factors of l(-2)?
7, 11, 41
Let d = 448 - 316. Let v = d - -203. List the prime factors of v.
5, 67
Suppose 4*d + 18 = 14. List the prime factors of (1 - (d - -1)) + 1.
2
Let r = -18 + 19. Suppose r = -t + 3*i, -i + 4 = i. Suppose 92 = t*p - 2*y - 0*y, -4*p + 68 = 4*y. What are the prime factors of p?
2, 3
Let f(v) = -v**3 + 9*v**2 + 9*v + 12. Let g be f(10). Let k be (-4 + 3)*(g + -5). Suppose -7*s + 180 = -k*s. List the prime factors of s.
3, 5
Let l(z) = 9*z + 1. Suppose -5*y + 7 + 8 = 0. Let q be 2/((-2)/(1 - y)). List the prime factors of l(q).
19
Suppose -4*v = 5*l - 3185, -l = -151*v + 147*v - 637. What are the prime factors of l?
7, 13
Suppose 600 = t - 5*a, t + 3*a + 1764 = 4*t. Suppose -7*q = 5*u - 2*q - t, 2*q - 117 = -u. What are the prime factors of u?
3, 13
Let q(b) = 2*b**2 - 15*b - 9. Let m(t) = -5*t - 19. Let d be m(-15). Suppose 0 = -5*j - 6 + d. What are the prime factors of q(j)?
41
Let w(k) = -3*k - 4*k + 0 + 3*k - 14. Let r be w(-4). List the prime factors of r - (-4 - (-3 - -1)).
2
Let x(o) = -5*o**2 - 11*o + 9. Let d be x(-7). Let v = 269 + d. List the prime factors of v.
2, 5, 11
Let l(r) = -10*r**2 + r + 1. Let g be l(-1). List the prime factors of (-75)/(-2)*g/(-15).
5
Suppose -4*m + r + 2351 = 0, 3*m - 1766 = 5*r - 7*r. List the prime factors of m.
2, 3, 7
Let s(o) = -8*o + 3. Let h(z) = -24*z + 8. Let d(l) = -5*h(l) + 14*s(l). Let n be d(1). Suppose n*y = 5*y + 245. What are the prime factors of y?
7
Let v(i) be the second derivative of -5/2*i**2 + 0 + 6*i - 1/12*i**4 - 19/6*i**3. List the prime factors of v(-11).
83
Let l(w) = w**2 - 7*w + 9. Let a be l(6). Suppose -2*b - 2 + 72 = 2*r, -98 = -a*r + 4*b. Let x = 48 - r. What are the prime factors of x?
2, 7
Let n(d) = 1657*d**2 - 5. List the prime factors of n(-1).
2, 7, 59
Let y(a) = 55*a - 67. List the prime factors of y(4).
3, 17
Let o(t) = -9*t**3 + 3*t**2 + 5*t. Let g be o(-2). Let n = g + -48. List the prime factors of n.
2, 13
What are the prime factors of -2 - (-81935)/49 - (-6)/(-42)?
2, 5, 167
Suppose 3*c = 2*i - 6*i + 11048, 4*c + 5*i - 14732 = 0. List the prime factors of c.
2, 461
Let q(v) = -v**3 - 7*v**2 - 4*v + 2. Let a be q(-5). Let b = -66 + 105. Let n = b + a. What are the prime factors of n?
11
Suppose -2*k = -q - 0*k - 4, -4*q = -k - 19. Suppose -q*t + 110 = -76. List the prime factors of t.
31
Let u = 20 + -15. What are the prime factors of -2 + u/(-5) + 19?
2
Let b = -455 - -6261. List the prime factors of b.
2, 2903
Let c(a) = a - 4. Let w be c(-4). Let z = -5 - w. Suppose 4*s - 4 = -2*r, 0*s - 50 = -z*r + 5*s. What are the prime factors of r?
2, 5
Let p(r) = -4*r + 8 + r**3 + 0 - 8*r + 3*r + 7*r**2. What are the prime factors of p(-8)?
2
List the prime factors of 3/(-2)*(-50466)/117.
647
Suppose -o - 27 = -3*p + 2*o, 5*p = -3*o + 45. Let m(z) = z**3 - 8*z**2 - z - 17. What are the prime factors of m(p)?
5, 11
Suppose -4*u - 1010 = 4*x - 6*x, -2*x = 3*u - 989. List the prime factors of x.
499
Suppose 0 = 2*i + 1 - 7. Suppose i*l - 396 = 3*g + 156, 0 = 4*g + 20. What are the prime factors of l?
179
Suppose 2*x + 13 = -7. Let z be 10/x*(0 + -1). List the prime factors of (z + -7)/(2/(-5)).
3, 5
Suppose -3*y - p = -522, -p = -4*y - 6*p + 696. List the prime factors of y.
2, 3, 